{"id":2,"date":"2018-11-08T19:20:16","date_gmt":"2018-11-08T19:20:16","guid":{"rendered":"http:\/\/mariachidepereira.com\/?page_id=2"},"modified":"2022-12-13T14:51:27","modified_gmt":"2022-12-13T14:51:27","slug":"inicio","status":"publish","type":"page","link":"https:\/\/ilc-oil.com\/","title":{"rendered":"Inicio"},"content":{"rendered":"<p>[vc_row full_width=\u00bbstretch_row\u00bb bg_type=\u00bbimage\u00bb parallax_style=\u00bbvcpb-default\u00bb bg_image_new=\u00bbid^44|url^https:\/\/ilc-oil.com\/wp-content\/uploads\/2022\/06\/11.jpg|caption^null|alt^null|title^11|description^null\u00bb bg_img_attach=\u00bbfixed\u00bb el_id=\u00bbquienes-somos\u00bb css=\u00bb.vc_custom_1655943198136{margin-top: -70px !important;}\u00bb][vc_column][vc_empty_space height=\u00bb100px\u00bb][vc_column_text]<\/p>\n<h3 style=\"text-align: center;\"><span style=\"color: #ffffff;\">Nuestra Visi\u00f3n<\/span><\/h3>\n<p style=\"text-align: justify;\"><span style=\"color: #ffffff;\">Seguir siendo una empresa l\u00edder en Colombia brindando educaci\u00f3n y concientizando acerca del manejo de residuos no peligrosos como el aceite de cocina usado \u2013 ACU, ofreciendo convertir este problema que contamina el medio ambiente en una soluci\u00f3n sostenible de econom\u00eda circular; brindando acompa\u00f1amiento y asesor\u00eda sobre la recolecci\u00f3n, certificaci\u00f3n, tratamiento y disposici\u00f3n final del aceite vegetal usado, tambi\u00e9n educando y creando conciencia sobre la importancia de reciclar el aceite de cocina usado \u2013 ACU en especial a los empresarios que se dedican a la utilizaci\u00f3n del aceite vegetal en su entorno econ\u00f3mico y a la comunidad en general; mostrando el camino del reciclaje como la mejor alternativa para preservar el medio ambiente, cumplir con los requerimientos de ley y generar mayores ingresos; ense\u00f1ando que el mejor uso para este producto es la elaboraci\u00f3n de Biodiesel.<\/span><\/p>\n<p>[\/vc_column_text][vc_empty_space height=\u00bb300px\u00bb][\/vc_column][\/vc_row][vc_row full_width=\u00bbstretch_row\u00bb bg_type=\u00bbimage\u00bb parallax_style=\u00bbvcpb-default\u00bb bg_image_new=\u00bbid^47|url^https:\/\/ilc-oil.com\/wp-content\/uploads\/2022\/06\/ss.jpg|caption^null|alt^null|title^ss|description^null\u00bb bg_img_attach=\u00bbfixed\u00bb css=\u00bb.vc_custom_1655943626936{margin-top: -70px !important;}\u00bb][vc_column][vc_empty_space height=\u00bb100px\u00bb][vc_column_text]<\/p>\n<h3 style=\"text-align: center;\"><span style=\"color: #ffffff;\">Nuestra Misi\u00f3n<\/span><\/h3>\n<p style=\"text-align: justify;\"><span style=\"color: #ffffff;\">Para el a\u00f1o 2027, Inversiones Libre Comercio \u2013 ILC, estar\u00e1 posicionada en el primer lugar a nivel nacional como la empresa l\u00edder en la gesti\u00f3n del aceite de cocina usado \u2013 ACU, enfocados en el transporte, certificaci\u00f3n y asesor\u00eda en disposici\u00f3n final del ACU, haciendo parte integral a nuestros clientes y proveedores con el mejor trato y precio. Logrando fuertes relaciones con nuestros proveedores y con la comunidad a trav\u00e9s de nuestro servicio y personal altamente calificado d\u00e1ndole la importancia y el cuidado que se merece el medio ambiente.<\/span><\/p>\n<p>[\/vc_column_text][vc_empty_space height=\u00bb300px\u00bb][\/vc_column][\/vc_row][vc_row full_width=\u00bbstretch_row\u00bb bg_type=\u00bbimage\u00bb parallax_style=\u00bbvcpb-default\u00bb bg_image_new=\u00bbid^48|url^https:\/\/ilc-oil.com\/wp-content\/uploads\/2022\/06\/q.jpg|caption^null|alt^null|title^q|description^null\u00bb bg_img_attach=\u00bbfixed\u00bb css=\u00bb.vc_custom_1655943850689{margin-top: -70px !important;}\u00bb][vc_column][vc_empty_space height=\u00bb100px\u00bb][vc_column_text]<\/p>\n<h3 style=\"text-align: center;\"><span style=\"color: #ffffff;\">Nuestros Valores<\/span><\/h3>\n<p style=\"text-align: justify;\"><span style=\"color: #ffffff;\">Nuestro equipo de profesionales estar\u00e1 dispuestos a brindarles honestidad, seriedad, lealtad, puntualidad, profesionalismo, compromiso con el medio ambiente, justicia y disponibilidad.<\/span><\/p>\n<p>[\/vc_column_text][vc_empty_space height=\u00bb300px\u00bb][\/vc_column][\/vc_row][vc_row full_width=\u00bbstretch_row\u00bb el_id=\u00bbnuestros-servicios\u00bb css=\u00bb.vc_custom_1655944769709{background-color: #338bf5 !important;}\u00bb][vc_column][vc_column_text]<\/p>\n<h3 style=\"text-align: center;\"><span style=\"color: #ffffff;\">Contamos con la certificaci\u00f3n ISCC<\/span><\/h3>\n<p>[\/vc_column_text][vc_row_inner][vc_column_inner width=\u00bb1\/2&#8243;][vc_column_text]<\/p>\n<h5><span style=\"color: #ffffff;\">Objetivos de ISCC:<\/span><\/h5>\n<p style=\"text-align: justify;\"><span style=\"color: #ffffff;\">Proporcionar soluciones de sostenibilidad para cadenas de suministro completamente rastreables y libres de deforestaci\u00f3n. Contribuir a la implementaci\u00f3n de la producci\u00f3n y el uso ambiental, social y econ\u00f3micamente sostenible de todo tipo de biomasa en las cadenas de suministro globales.<\/span><br \/>\n<span style=\"color: #ffffff;\">Nuestra manera<\/span><br \/>\n<span style=\"color: #ffffff;\">-Implementaci\u00f3n de criterios de sostenibilidad social y ecol\u00f3gica<\/span><br \/>\n<span style=\"color: #ffffff;\">-Monitoreo de cadenas de suministro libres de deforestaci\u00f3n<\/span><br \/>\n<span style=\"color: #ffffff;\">-Evitar la conversi\u00f3n de pastizales biodiversos<\/span><br \/>\n<span style=\"color: #ffffff;\">-C\u00e1lculo y reducci\u00f3n de emisiones de GEI<\/span><br \/>\n<span style=\"color: #ffffff;\">-Establecimiento de la trazabilidad en las cadenas de suministro globales<\/span><\/p>\n<h5 style=\"text-align: justify;\"><span style=\"color: #ffffff;\">Gesti\u00f3n de la cadena de suministro<\/span><\/h5>\n<p style=\"text-align: justify;\"><span style=\"color: #ffffff;\">La trazabilidad a lo largo de la cadena de suministro permite a cada jugador obtener productos sostenibles de cualquier titular de certificado<\/span><br \/>\n<span style=\"color: #ffffff;\">Todos los elementos relevantes de la cadena de suministro deben obtener un certificado para manejar materiales sostenibles.\u00a0Para los productos finales procesados \u200b\u200ba partir de materias primas agr\u00edcolas o residuos de cultivos, los dos primeros elementos relevantes de la cadena de suministro son la finca o plantaci\u00f3n y el primer punto de reuni\u00f3n, tambi\u00e9n conocido como elevador rural.\u00a0Para productos finales derivados de materias primas alternativas, como desechos o residuos, los dos primeros elementos relevantes de la cadena de suministro son el punto de origen y el punto de recolecci\u00f3n.<\/span>[\/vc_column_text][\/vc_column_inner][vc_column_inner width=\u00bb1\/2&#8243;][vc_column_text]<\/p>\n<h5><span style=\"color: #ffffff;\">Principios de sustentabilidad de ISCC<\/span><\/h5>\n<p style=\"text-align: justify;\"><span style=\"color: #ffffff;\">ISCC tiene como objetivo la implementaci\u00f3n de los m\u00e1s altos requisitos de sostenibilidad<\/span><\/p>\n<h5 style=\"text-align: justify;\"><span style=\"color: #ffffff;\">Sostenibilidad ecol\u00f3gica<\/span><\/h5>\n<p style=\"text-align: justify;\"><span style=\"color: #ffffff;\">Protecci\u00f3n de tierras con alto valor de biodiversidad o alto contenido de carbono<\/span><br \/>\n<span style=\"color: #ffffff;\">Cadenas de suministro libres de deforestaci\u00f3n<\/span><br \/>\n<span style=\"color: #ffffff;\">Producci\u00f3n ambientalmente responsable para proteger el suelo, el agua y el aire<\/span><\/p>\n<h5 style=\"text-align: justify;\"><span style=\"color: #ffffff;\">Sostenibilidad social<\/span><\/h5>\n<p style=\"text-align: justify;\"><span style=\"color: #ffffff;\">Condiciones de trabajo seguras<\/span><br \/>\n<span style=\"color: #ffffff;\">Cumplimiento de los derechos humanos, laborales y territoriales<\/span><\/p>\n<h5 style=\"text-align: justify;\"><span style=\"color: #ffffff;\">Cumplimiento de leyes y tratados internacionales Monitoreo de emisiones de gases de efecto invernadero (GEI)<\/span><\/h5>\n<p style=\"text-align: justify;\"><span style=\"color: #ffffff;\">M\u00e9todos para calcular las emisiones de GEI<\/span><br \/>\n<span style=\"color: #ffffff;\">Monitoreo de la reducci\u00f3n de GEI<\/span><br \/>\n<span style=\"color: #ffffff;\">Obligatorio para el mercado de biocombustibles de la UE<\/span><\/p>\n<h5 style=\"text-align: justify;\"><span style=\"color: #ffffff;\">Buenas practicas de gesti\u00f3n<\/span><\/h5>\n<p>[\/vc_column_text][\/vc_column_inner][\/vc_row_inner][\/vc_column][\/vc_row][vc_row el_id=\u00bbcontacto\u00bb][vc_column][vc_column_text]<\/p>\n<h3 style=\"text-align: center;\">CONT\u00c1CTENOS<\/h3>\n<h3 style=\"text-align: center;\">Direcci\u00f3n<\/h3>\n<p style=\"text-align: center;\">Calle 84 # 42 &#8211; 132, P3, Itag\u00fc\u00ed &#8211; Antioquia<\/p>\n<h3 style=\"text-align: center;\"><\/h3>\n<h3 style=\"text-align: center;\">Telefonos<\/h3>\n<p style=\"text-align: center;\">+57 316 4493195<\/p>\n<h3 style=\"text-align: center;\"><\/h3>\n<h3 style=\"text-align: center;\">Email<\/h3>\n<p style=\"text-align: center;\"><a href=\"mailto:info@ilc-oil.com\">info@ilc-oil.com<\/a><\/p>\n<p style=\"text-align: center;\"><a href=\"mailto:carlosgomez@ilc-oil.com\">carlosgomez@ilc-oil.com<\/a><\/p>\n<p>[\/vc_column_text][\/vc_column][\/vc_row]<\/p>\n","protected":false},"excerpt":{"rendered":"<p>[vc_row full_width=\u00bbstretch_row\u00bb bg_type=\u00bbimage\u00bb parallax_style=\u00bbvcpb-default\u00bb bg_image_new=\u00bbid^44|url^https:\/\/ilc-oil.com\/wp-content\/uploads\/2022\/06\/11.jpg|caption^null|alt^null|title^11|description^null\u00bb bg_img_attach=\u00bbfixed\u00bb el_id=\u00bbquienes-somos\u00bb css=\u00bb.vc_custom_1655943198136{margin-top: -70px !important;}\u00bb][vc_column][vc_empty_space height=\u00bb100px\u00bb][vc_column_text] Nuestra Visi\u00f3n Seguir siendo una empresa l\u00edder en Colombia brindando educaci\u00f3n y concientizando acerca del manejo de residuos no peligrosos como el aceite de cocina usado \u2013 ACU, ofreciendo convertir este problema que contamina el medio ambiente en una soluci\u00f3n sostenible de econom\u00eda circular;&hellip;<\/p>\n","protected":false},"author":1,"featured_media":0,"parent":0,"menu_order":0,"comment_status":"closed","ping_status":"closed","template":"","meta":{"om_disable_all_campaigns":false,"_monsterinsights_skip_tracking":false,"_monsterinsights_sitenote_active":false,"_monsterinsights_sitenote_note":"","_monsterinsights_sitenote_category":0},"class_list":["post-2","page","type-page","status-publish","hentry","description-off"],"_links":{"self":[{"href":"https:\/\/ilc-oil.com\/index.php\/wp-json\/wp\/v2\/pages\/2","targetHints":{"allow":["GET"]}}],"collection":[{"href":"https:\/\/ilc-oil.com\/index.php\/wp-json\/wp\/v2\/pages"}],"about":[{"href":"https:\/\/ilc-oil.com\/index.php\/wp-json\/wp\/v2\/types\/page"}],"author":[{"embeddable":true,"href":"https:\/\/ilc-oil.com\/index.php\/wp-json\/wp\/v2\/users\/1"}],"replies":[{"embeddable":true,"href":"https:\/\/ilc-oil.com\/index.php\/wp-json\/wp\/v2\/comments?post=2"}],"version-history":[{"count":16,"href":"https:\/\/ilc-oil.com\/index.php\/wp-json\/wp\/v2\/pages\/2\/revisions"}],"predecessor-version":[{"id":71,"href":"https:\/\/ilc-oil.com\/index.php\/wp-json\/wp\/v2\/pages\/2\/revisions\/71"}],"wp:attachment":[{"href":"https:\/\/ilc-oil.com\/index.php\/wp-json\/wp\/v2\/media?parent=2"}],"curies":[{"name":"wp","href":"https:\/\/api.w.org\/{rel}","templated":true}]}}